 r = 1265 - 1266. Let n(d) = 24*d - 1. Give n(r).
-25
Let t(y) = 6*y - 34. Let i be t(7). Let s(q) = q**3 - 9*q**2 + 10*q - 6. Determine s(i).
10
Let o(u) = -8*u**2 - 14*u - 25. Let s(c) = -21*c**2 - 43*c - 75. Let j(l) = 8*o(l) - 3*s(l). Calculate j(19).
-13
Suppose 0 = 2*h + 3*j - 6, j + 1 = -5*h + 42. Let a(c) = -c**2 - 8*c - 2 + 1 + 19*c - 4. Calculate a(h).
13
Let k be -8 + 4 + 10 - 4. Let n(p) = -4 + 6 - p + k. Give n(8).
-4
Let i(w) = w**3 - w + 4. Let l = 379 - 381. Suppose d + 2*a = 16, -2*d + 22 = -0*a + 2*a. Let j be (d/(-4) - l)*0. What is i(j)?
4
Suppose -2*g + 4*s - 8 = 0, 3*g - 5*s + 7 = -g. Suppose 3*m = q - 2*q + 9, 6 = 2*m + q. Let o(u) = 18 - 18 + u**m - u. Calculate o(g).
6
Let t(l) = -8*l. Let h be t(-6). Let m(a) = -2*a - 48 + h. Calculate m(4).
-8
Let v(q) = -q**2 + 2*q + 2. Let l be 2/(-5)*65/13. Let w be 1/l*-8*1. Suppose -7 - 1 = w*t. Determine v(t).
-6
Let c(m) be the second derivative of m**3/6 - 5*m**2/2 + 6*m. Give c(-8).
-13
Let z(o) be the second derivative of -o**3/6 + 7*o**2/2 - 10*o. Let s be z(0). Let j(r) = r**3 - 7*r**2 - r + 2. Give j(s).
-5
Suppose -5*x - 233 + 1458 = -5*q, 5*q - 1016 = -4*x. Let j(l) = -l**3 + 0*l**2 - 5*l**2 - x + 6*l + 254. Determine j(-6).
5
Suppose 3*c + q = 2, c = -3*q + q - 6. Let v(x) = -3*x - 3*x - c*x + 4*x - 3. Let r be (-1 - 0)/2*4. Calculate v(r).
5
Suppose -5*f + 3*r = -36 + 16, -4*f - 2*r + 16 = 0. Let j(q) be the first derivative of 5*q + f + 1/2*q**2. Give j(6).
11
Let v(k) be the first derivative of -3/2*k**2 - 5*k + 1. Suppose -258*n = -271*n - 65. Determine v(n).
10
Let z(m) = -m. Let a(b) = -b + 2. Let d(s) = a(s) - 3*z(s). Determine d(-3).
-4
Let j = -11 - 54. Let i = j - -68. Let c(m) = m**3 - 6*m**2 + 2*m + 1. Determine c(i).
-20
Let n(s) = s**3 + 7*s**2 - 2*s + 7. Suppose -32 = 10*d + 38. What is n(d)?
21
Let b(k) = k**3 + 17*k**2 + 16*k - 4. Let c be b(-16). Let m(r) = r**2 + 4*r + 5. Let p(l) = l**2 + 3*l + 4. Let v(n) = c*p(n) + 3*m(n). Determine v(2).
-5
Let u(t) = 2*t**2 - 2*t - t + 4*t - 4 + 2*t**3 + 3. Calculate u(-3).
-40
Let r(b) = b**3 + 6*b**2 + 5*b. Suppose 2*z - f = -4*f - 15, -5*z = 4*f + 20. Suppose 0 = 3*c + 5*t + 15, -3*t + z*t = 2*c + 10. What is r(c)?
0
Let u(t) = -t**3 - 2*t**2 - 8*t - 29. Let w be u(-3). Let n(i) = -3*i**2 + 2*i + 8. Calculate n(w).
-32
Suppose -5*k = 5*x + 30, 3*k + 3*x + 14 = x. Let z = k + 3. Let q be 4/(5 - z) + 2. Let u(c) = -2*c**2 + 2*c - 2. Determine u(q).
-14
Let i(m) be the third derivative of m**7/5040 + m**6/720 + 7*m**5/60 - 13*m**2. Let u(o) be the third derivative of i(o). What is u(-3)?
-2
Let r(c) = -4*c + 12. Let t(k) be the first derivative of k**2/2 - 3*k + 13. Let i(u) = -6*r(u) - 26*t(u). Give i(4).
-2
Let t(c) be the first derivative of -c**3/3 + 5*c**2 - 3*c - 196. Determine t(8).
13
Let q(n) be the third derivative of -3*n - 1/120*n**6 + 1/12*n**4 + 0 - 5/6*n**3 + 5*n**2 - 1/20*n**5. Calculate q(-4).
3
Let r be (-94)/(-8) - 3/(-12) - 1. Let x(l) = 10*l - r*l + 2 + 5*l - 1. Give x(-1).
-3
Suppose -36*g + 30*g + 30 = 0. Let l(c) = 2*c - 1. Determine l(g).
9
Let r(g) = g**3 + g**2 - 2*g. Let y(a) = 3*a**3 - 5*a**2 + 2*a - 2. Let c(f) = 2*r(f) - y(f). Let b be (2 + 1)/((-1)/(-2)). Calculate c(b).
2
Suppose -6*u + 7*u - 1 = 0. Let v(j) = -3*j**3 + 10*j**2 - 8*j - 11. Let h(i) = -i**3 + i**2 - 1. Let x(s) = u*v(s) - 2*h(s). Determine x(7).
-16
Let u(j) = j**2 - 2*j + 2. Let c(f) = -f**2 - 2*f. Let p(g) = 2*c(g) + u(g). Calculate p(-8).
-14
Let d(m) = m + 8. Let l(w) = -w. Let v be l(-4). Let q be -7 + (v - (7 - 4)). Determine d(q).
2
Suppose r = 0, -5*l + 4*r = -3*l - 36. Let b(d) = -4*d + 5*d + 1 - 18. Let c be b(l). Let v(i) = -11*i**3 + 1. Calculate v(c).
-10
Let k(m) = m**2 + 11*m + 20. Let t(q) = -q**3 - 5*q**2 - 3*q - 1. Let b be t(-2). What is k(b)?
-8
Let r(w) be the second derivative of 1/6*w**3 - 2*w**2 - 16*w + 0. Calculate r(0).
-4
Let d(t) = 2*t - 3. Let z = 1 + 0. Let i be -1 + -2 - (z - 9). Let p(b) = -b**2 + 3*b + 7. Let q be p(i). Give d(q).
-9
Suppose 13*k = 16*k - 3. Let j(r) = 4*r - 2. Calculate j(k).
2
Suppose 0 = -4*t + 12 + 8. Suppose t = 2*c + 3*c. Let v(a) = -4*a. Let b(k) = -9*k. Let d(j) = -6*b(j) + 13*v(j). What is d(c)?
2
Let d(v) = -68*v**2 + 0 - 67*v**2 + 2 + 136*v**2 + 10*v. Calculate d(-11).
13
Let c(r) be the first derivative of r**4/2 + 5*r**3/3 - 2*r**2 - r + 157. Give c(-4).
-33
Let o be 500/(-60) + 8/(-12). Let d(t) = 2*t**2 + 18*t. Determine d(o).
0
Suppose 4 - 58 = 18*v. Let c(y) = -y**2 - 2*y - 1. Give c(v).
-4
Let l(y) = y**3 - 11*y**2 + 10*y + 4. Let w be (-111 - (1 + (4 - 2)))/(-2). Let b = -47 + w. What is l(b)?
4
Let d(x) = -x**3 + 4*x**2 - 5*x + 3. Suppose -2*z + 2*p - 116 = p, -5*p + 124 = -2*z. Let q = 60 + z. Give d(q).
-3
Let d be (-2)/2*(4 - 3). Let w(s) = -37*s - 51. Let t(p) = 13*p + 18. Let z(v) = 17*t(v) + 6*w(v). Calculate z(d).
1
Let o(n) = n**3 - 15*n**2 - 2*n + 19. Let t(q) = q**2 + 28*q + 147. Let y be t(-22). Calculate o(y).
-11
Suppose -3*z + 1 = 3*h + 7, -2*z + 2 = 4*h. Let x(b) = 3 - h*b + 3*b - b - 9. Calculate x(-3).
-3
Let s be (4/18)/((1 - -2)/27). Let u(n) = -n**3 + 4*n**2 + 5*n. Let w be u(5). Let r(v) = v**3 + 0*v**2 + v**2 + w*v**3 - 2*v + 1. Determine r(s).
9
Let p(x) = x**2 - 5*x + 2. Let d be 2264/120 - 6/(-45). Let j = d - 14. What is p(j)?
2
Let w(h) = 10*h - 10. Suppose 0 = -j + 3*n, -5*j - 5*n + 0*n = -40. Determine w(j).
50
Let y(j) = 12*j**2 - 5*j**2 - 3578*j**3 + 3579*j**3. What is y(-3)?
36
Let d(h) = h. Let y(i) = -18*i**3 - i**2 - 2*i - 2. Let j be y(-1). Let z = j + -22. What is d(z)?
-5
Let r(m) = m**2 - 3*m + 3. Suppose 0 = 3*w + 2*a - 14, -4*w + 0*a + 12 = a. Determine r(w).
1
Let m be ((-28)/98)/(6/(-28)). Let y(k) be the second derivative of 0 - 7*k + m*k**3 - 5/12*k**4 - 1/20*k**5 + 7/2*k**2. What is y(-6)?
-5
Suppose 19*i - 10*i = 0. Let t(s) = 4*s**2 + 4*s + 11. Let h(l) = 7*l**2 + 7*l + 23. Let c(p) = -3*h(p) + 5*t(p). Calculate c(i).
-14
Suppose -2*g = -5*g + 9. Suppose d = 3*m - 19, 26*m - 24*m = -4*d - 6. Suppose -4*z - g = m. Let x(l) = 2*l**3 + 2*l**2 - 1. Calculate x(z).
-9
Let a be -5 - (-6 - (4 + 3)). Let v(c) be the first derivative of -c**4/4 + 3*c**3 - 7*c**2/2 - 5*c + 1. Calculate v(a).
3
Suppose 4*l + 49 - 17 = 4*a, 4*l = -16. Let x(v) be the first derivative of v**3 + 6 - 6*v + 1/4*v**a - 7/2*v**2. Determine x(-4).
6
Suppose -4*s = -v + 2, -3*s + 2*v = 1 - 2. Let h(a) = a**3 - a**2 + 1. Let u(l) = l**3 + 3772 - 3772. Let x(c) = s*u(c) + 2*h(c). Determine x(2).
2
Let v(a) = -a + 2. Suppose -15*x + 27*x + 24 = 0. Calculate v(x).
4
Let d(b) = 7*b**3 + 9*b**2 + 13*b - 7. Let m(y) = 4*y**3 + 5*y**2 + 7*y - 4. Let z(s) = 6*d(s) - 11*m(s). Suppose -52*x = -55*x - 6. What is z(x)?
12
Let i be (6/(-5))/((-12)/660). Let p be 3/5 + i/(-10). Let c(d) be the second derivative of -d**3/6 - 7*d**2/2 - d. Give c(p).
-1
Let z(j) = -j**3 - 4*j**2 + 3*j + 12. Let k be z(-4). Let v(c) = -c + c**2 + 3 + k*c + 9*c. Give v(-5).
-12
Let c be 9 - 112/21 - 1/(-3). Let t(l) = -l - 3*l + 2*l. What is t(c)?
-8
Let j(g) = 2 - 5*g + g**2 - 4*g + 16*g. Let r(n) = -n**2 - 7*n - 1. Let b(v) = 4*j(v) + 3*r(v). Determine b(-4).
-7
Let q = -4 - -6. Let f(i) = i - 9 - i**q + 0*i**2 + 0*i. Suppose 8 = -5*u + 2*w, -4*u + 2*w + 3*w - 20 = 0. Give f(u).
-9
Let r(y) = 127*y + 133*y - 8*y**2 + 17 - 261*y. Let u(a) = -3*a**2 + 6. Let h be 3/6 + (-18)/4. Let q(v) = h*r(v) + 11*u(v). Calculate q(2).
2
Suppose 30 = -4265*j + 4267*j. Let d(p) = -p**3 + 17*p**2 - 30*p + 6. Determine d(j).
6
Let z be 6/4 - 35/(-10). Suppose 1 - z = -2*c. Let t(q) = 8*q**2 + 0*q - 1 - 4 + q - 3*q**c - q**3. What is t(5)?
0
Let p be (-18)/(-3 - -1)*-1. Let w(t) = -t**2 - 9*t + 3. Let c be w(p). Let a(u) = 6*u**3 + 0*u**c - 3 - 6*u**2 - 5*u**3 + 10 + 2*u. Calculate a(5).
-8
Suppose -120 = -10*b - 70. Let f(z) = z**3 - 7*z**2 + 5*z + 6. Determine f(b).
-19
Let j(i) = 5*i**2 + 15*i - 5. Let c(a) = -4*a**2 - 2*a. Let t(f) = 2*c(f) + j(f). Determine t(4).
-9
Let j(u) = u**2 + 1. Suppose g - 3 = 4*s, -2*g + 2*s = 3*g - 15. Let r be 1*3*(-6)/(-9). Suppose -r = g*m - m. Give j(m).
2
Let g(c) be the first derivative of c**7/168 + c**6/360 - c**4/24 + 7*c**3/3 + 4. Let d(r) be the third derivative of g(r). Calculate d(1).
5
Let b = 25 + -22. Let w(s) = -13*s - 2*s**b + 19*